d - 53. Calculate c(4).
-5
Let n(i) = -i**3 + 5*i**2 + 3*i - 11. Calculate n(4).
17
Let c(l) = 23*l - 178. Determine c(8).
6
Let o(b) = b**3 + 6*b**2 - 8*b - 8. What is o(-7)?
-1
Let h(m) = m**2 - 6*m + 6. What is h(8)?
22
Let a(j) = -3*j**3 - j**2 - 17*j - 60. Calculate a(-3).
63
Let t(c) = c**3 - 7*c**2 + c + 7. Determine t(6).
-23
Let s(d) = -d**2 + 8*d - 9. Determine s(4).
7
Let u(r) = -2*r - 13. Give u(-10).
7
Let l(c) = c**2 + 23*c + 114. Calculate l(-17).
12
Let l(i) = i**3 - 25*i**2 + i - 25. Calculate l(25).
0
Let p(l) = -l**3 + 2*l**2 + 9. Give p(0).
9
Let k(r) = -2*r + 39. Calculate k(12).
15
Let d(j) = -j**3 - 10*j**2 + j + 12. Determine d(-10).
2
Let v(s) = -15*s + 11. Calculate v(-6).
101
Let f(v) = -v - 30. Calculate f(-17).
-13
Let d(g) = -7*g - 3. What is d(-3)?
18
Let z(b) = b**2 + 14*b + 16. What is z(-12)?
-8
Let x(d) = -d**2 + 3*d + 7. Calculate x(-2).
-3
Let b(p) = -2*p**2 - 4*p + 3. Give b(-4).
-13
Let s(c) = -c**3 - 6*c**2 - 8*c - 49. What is s(-6)?
-1
Let p(y) = y - 2. Give p(17).
15
Let w(n) = n**3 - 6*n**2 - 10*n - 11. Calculate w(5).
-86
Let k(q) = -2*q + 13. Determine k(6).
1
Let n(a) = 29*a - 332. Calculate n(12).
16
Let w(u) = u**3 + 14*u**2 - 15*u - 8. Calculate w(-15).
-8
Let v(d) = 33*d + 218. Calculate v(-6).
20
Let y(j) = -14*j - 37. What is y(-6)?
47
Let z(m) = -m**2 - 21*m - 28. Determine z(-15).
62
Let h(t) = 7*t - 54. Give h(10).
16
Let y(u) = 7*u + 6. Determine y(-1).
-1
Let r(z) = z**3 - 6*z**2 + 1. What is r(6)?
1
Let z(a) = -a**2 + 17*a + 5. What is z(17)?
5
Let l(m) = -3*m - 31. Determine l(-7).
-10
Let g(t) = 2*t**2 - t - 8. What is g(4)?
20
Let i(f) = f**2 + 17*f - 3. What is i(-14)?
-45
Let i(n) = n - 8. Give i(15).
7
Let m(l) = 6*l - 10. Determine m(-3).
-28
Let a(y) = -3*y**3 + 6*y**2 - 8*y + 3. What is a(2)?
-13
Let v(s) = s**3 - 2*s**2 + 6*s - 7. Give v(3).
20
Let g(d) = -d**3 + 2*d**2 + 2*d + 73. Calculate g(0).
73
Let w(l) = -8*l + 111. Calculate w(14).
-1
Let u(z) = 2*z**3 + 3*z**2 + 2*z. Give u(-3).
-33
Let a(n) = -n**2 - 20*n - 16. What is a(-18)?
20
Let m(o) = -2*o + 13. Calculate m(4).
5
Let p(u) = -4*u + 7. Determine p(-5).
27
Let o(k) = -2*k**2 + 14*k - 22. What is o(7)?
-22
Let y(l) = -l**3 + 30*l**2 - 29*l - 41. Calculate y(29).
-41
Let u(d) = d**2 + 17*d + 30. Determine u(-15).
0
Let n(t) = -8*t**3 - t**2 + 2*t - 1. Calculate n(1).
-8
Let y(a) = -a**3 + 16*a**2 + 16*a + 9. What is y(17)?
-8
Let o(p) = 12*p + 183. Determine o(-15).
3
Let h(k) = 2*k. Give h(9).
18
Let o(t) = -2*t**3 + 3*t**2 + 2*t - 3. Give o(-4).
165
Let i(x) = -2*x**3 + 109*x**2 + 56*x - 48. Give i(55).
7
Let r(j) = 29*j + 1. What is r(2)?
59
Let a(v) = 6*v - 49. Determine a(6).
-13
Let p(c) = c**3 - 7*c**2 - 11*c + 11. Calculate p(8).
-13
Let b(u) = 3*u**2 - 28*u + 49. Determine b(6).
-11
Let b(m) = -m**3 - m**2 + m + 2. Determine b(0).
2
Let u(s) = s**3 + 4*s**2 - 5*s - 9. Determine u(-5).
-9
Let b(f) = -3*f - 6. What is b(-5)?
9
Let t(c) = 10*c - 36. Calculate t(-4).
-76
Let k(p) = 2*p**2 - 9*p + 1. Calculate k(4).
-3
Let d(w) = -w + 6. Calculate d(-3).
9
Let k(d) = -d**3 - 11*d**2 + 77*d + 10. Give k(5).
-5
Let z(u) = -4*u**2 - 9*u - 9. What is z(-1)?
-4
Let r(q) = -7*q - 59. Calculate r(-6).
-17
Let w(c) = -c**3 + 15*c**2 - 16*c + 20. Give w(14).
-8
Let r(b) = b + 6. Calculate r(-11).
-5
Let n(t) = -t**2 + 7*t + 16. Give n(8).
8
Let j(y) = y**3 + 13*y**2 + 2*y + 14. Give j(-13).
-12
Let l(u) = -2*u + 24. Determine l(11).
2
Let y(m) = -7*m**2 + 51*m - 1. Calculate y(7).
13
Let c(g) = -g**2 + 19*g - 102. Calculate c(10).
-12
Let m(u) = -7*u**2 - 8*u + 4. What is m(-1)?
5
Let o(b) = -b**2 - 4*b + 3. Calculate o(2).
-9
Let v(q) = -q**2 + 6*q + 39. Calculate v(12).
-33
Let l(q) = 2*q**2 - 5*q + 6. Calculate l(4).
18
Let k(r) = r**2 - 11*r + 15. Calculate k(7).
-13
Let r(b) = b**3 - 7*b**2 + 17*b - 69. Calculate r(6).
-3
Let k(i) = -3*i. What is k(-4)?
12
Let o(b) = b**2 + 7*b + 3. Calculate o(-7).
3
Let n(x) = -x**2 - x - 1. What is n(-2)?
-3
Let z(o) = o**3 - 10*o**2 + 16*o - 2. Give z(8).
-2
Let u(d) = -3*d**2 + d - 2. Calculate u(1).
-4
Let i(g) = g**3 - 8*g**2 + 16*g - 22. Calculate i(6).
2
Let o(g) = g**2 - 9*g + 15. What is o(8)?
7
Let z(y) = -y**3 - 2*y**2 + 7*y - 5. Calculate z(4).
-73
Let c(w) = w**2 + 4*w + 4. Determine c(-7).
25
Let i(y) = -y**3 - 2*y**2 - 1. Give i(-2).
-1
Let d(k) = -k**2 + 10*k + 12. Calculate d(11).
1
Let k(m) = -m**2 - 4. What is k(0)?
-4
Let n(s) = 3*s - 13. Give n(11).
20
Let a(i) = -i**3 + 4*i**2 - 2*i + 2. What is a(4)?
-6
Let g(i) = i**3 - 9*i**2 - 5*i + 6. Calculate g(10).
56
Let q(i) = -i**2 + 6*i + 2. Determine q(5).
7
Let t(i) = -6*i. Give t(-1).
6
Let g(w) = -w**3 + 21*w**2 + 41*w + 117. Calculate g(23).
2
Let o(r) = 150*r - 1657. Give o(11).
-7
Let p(c) = -c**3 - 14*c**2 - 14*c - 8. Calculate p(-13).
5
Let w(d) = -d**3 - 17*d**2 + 5*d + 78. What is w(-17)?
-7
Let t(d) = 3*d**3 - 2*d**2 - 5*d - 5. What is t(-2)?
-27
Let o(j) = -j**2 + 27*j - 117. What is o(6)?
9
Let g(r) = r**3 + 11*r**2 + r - 11. Give g(-11).
-22
Let v(z) = 5*z + 9. Calculate v(-4).
-11
Let n(a) = 15*a - 5. Determine n(-5).
-80
Let v(f) = -f**2 + 2*f. Give v(4).
-8
Let t(d) = 20*d - 130. Give t(7).
10
Let z(i) = -3*i**2 + 3. What is z(2)?
-9
Let f(y) = -y**3 + 31*y**2 - 60*y + 79. What is f(29)?
21
Let f(g) = -g. Calculate f(1).
-1
Let y(f) = f**2 - 2*f + 15. Determine y(0).
15
Let v(n) = -2*n**3 - 9*n**2 - n - 2. What is v(-5)?
28
Let w(f) = f**2 + 10*f + 19. What is w(-10)?
19
Let b(f) = 4*f + 45. What is b(-5)?
25
Let w(r) = -3*r - 55. What is w(-29)?
32
Let m(n) = -n**2 - 10. What is m(0)?
-10
Let c(p) = 2*p**3 - 5*p**2 + 3*p + 3. What is c(2)?
5
Let s(u) = u**2 - 7*u + 9. Give s(6).
3
Let w(f) = -f + 5. What is w(3)?
2
Let y(d) = 12*d**2 + 2*d + 1. Give y(-1).
11
Let x(d) = d**3 - 2*d**2 + d + 3. Determine x(0).
3
Let o(g) = -18*g**3 - 4*g**2 - 10*g - 7. Give o(-1).
17
Let q(x) = -x**2 - 6*x - 10. What is q(-3)?
-1
Let a(k) = -k**3 - k**2 + 4*k + 2. Calculate a(-4).
34
Let j(t) = 47*t**2 - t. Give j(1).
46
Let u(n) = -n**2 + 2*n + 165. Give u(-12).
-3
Let h(j) = j**2 + 17*j + 61. Give h(-10).
-9
Let x(c) = -c + 2. Calculate x(-3).
5
Let p(g) = 2*g**2 - 9*g + 14. What is p(6)?
32
Let b(d) = d - 2. What is b(9)?
7
Let z(b) = -b**2 + 10*b + 12. Determine z(-7).
-107
Let j(u) = u**3 + 4*u**2 + 8*u + 10. Calculate j(-4).
-22
Let q(j) = -3*j**2 - j - 4. Give q(-5).
-74
Let q(o) = -o**3 - 5*o**2 + 6*o - 6. Determine q(-6).
-6
Let p(z) = -z**3 - 15*z**2 - 13*z + 7. Determine p(-14).
-7
Let n(m) = m**2 + 4*m + 2. What is n(-1)?
-1
Let u(p) = -4*p - 66. What is u(-5)?
-46
Let y(i) = -i**3 - 10*i**2 + 16*i + 23. Determine y(-11).
-32
Let u(n) = -2*n**2 + 30*n - 20. Calculate u(14).
8
Let j(b) = -5*b - 51. Calculate j(-13).
14
Let n(o) = o**3 + 28*o**2 + 50*o - 45. Give n(-26).
7
Let c(a) = 3*a - 55. What is c(10)?
-25
Let p(v) = -v**3 + 7*v**2 + 2*v + 3. What is p(7)?
17
Let v(z) = -4*z**3 + z**2. Give v(1).
-3
Let l(p) = -p**3 + 5*p**2 - 2*p - 2. Calculate l(3).
10
Let d(j) = -7*j + 102. What is d(13)?
11
Let o(k) = k**3 + 6*k**2 - 3*k - 8. Determine o(-5).
32
Let o(i) = 12*i - 7. Determine o(-3).
-43
Let j(m) = -m**2 + 3*m - 6. Calculate j(5).
-16
Let h(r) = -52*r + 269. What is h(5)?
9
Let p(k) = 2*k**3 - 9*k**2 - 3*k - 13. What is p(5)?
-3
Let w(r) = 6*r**2 + 4*r + 2. Give w(-3).
44
Let d(o) = -9*o. Give d(-2).
18
Let u(g) = -g**3 - 14*g**2 - 15*g - 15. Determine u(-13).
11
Let g(r) = -16*r**2 - 2*r - 1. What is g(-1)?
-15
Let n(j) = j**2 + 27*j + 67. Determine n(-24).
-5
Let k(u) = 107*u + 3. Determine k(1).
110
Let s(v) = -v**2 - 11*v + 7. Give s(-12).
-5
Let w(r) = -r - 39. Determine w(-31).
-8
Let v(m) = 7*m + 31. Calculate v(-3).
10
Let a(l) = 32*l - 8. Give a(4).
120
Let h(v) = -6*v - 263. What is h(-45)?
7
Let h(x) = 6*x - 49. Give h(9).
5
Let a(y) = -y**3 + 9*y**2 + 15*y + 10. Calculate a(11).
-67
Let z(i) = -2*i**3 + 5*i**2 + 5*i + 5. Give z(6).
-217
Let h(p) = -p**2 - 6*p. Calculate h(-6).
0
Let f(y) = -4*y**3 - 5*y - 6. What is f(0)?
-6
Let y(w) = 24*w + 86. What is y(-4)?
-10
Let n(j) = j**3 - 5*j**2 - 10*j + 21. Determine n(6).
-3
Let h(w) = w**2 + 3*w - 1. Determine h(-6).
17
Let h(w) = w**3 + 5*w**2 + 11*w + 31. Calculate h(-4).
3
Let x(v) = -20*v - 5. What is x(-3)?
55
Let i(f) = f**3 